git of y?
8
Let v(r) = 155*r + 225. Let u(p) = -11*p - 16. Let o(y) = -85*u(y) - 6*v(y). Let f be o(-4). Let q = 24 + f. What is the tens digit of q?
1
What is the thousands digit of (-8 - -26) + -7 + 2832?
2
What is the units digit of (-613720)/(-440) + 4/22?
5
Suppose 4 = 5*n - 21. Let a = 4 + n. Let h(o) = -o**3 + 10*o**2 - 9*o + 7. What is the units digit of h(a)?
7
Suppose 5*u - 3*t = 1895, 0 = -6*u + 5*u + t + 381. What is the tens digit of u?
7
Let t be (8 + -3)/((20/(-96))/(-5)). Let a = 254 - t. What is the units digit of a?
4
Let h(l) = 2*l + 358. What is the hundreds digit of h(-51)?
2
Let j be 0*(-2 - (0 - 1)). Suppose 4*n = -j*n + 92. What is the tens digit of n?
2
Let s = 1506 + 101. What is the thousands digit of s?
1
Let v = 160 - -125. What is the hundreds digit of v?
2
Suppose 0 = -3*i + 1604 - 470. Suppose -z - i = -3*z. What is the tens digit of z?
8
Let a(c) be the first derivative of c**3/3 - 9*c**2/2 - 9*c + 3. Let d be a(7). What is the tens digit of (d - 4)*2/(-2)?
2
Let f = -6777 - -9866. What is the hundreds digit of f?
0
Let x = 2567 - 1162. What is the tens digit of x?
0
Let i(z) = 5*z**3 + 16*z**2 - 66*z. What is the hundreds digit of i(5)?
6
Let q = -166 - -328. What is the units digit of q?
2
Suppose p = -4*x + 206, 0*x - 841 = -4*p + x. Suppose 0 = -5*z + p - 75. Let d = z - 19. What is the units digit of d?
8
Let o be 2/14 + 208/14. Suppose 73 = -2*m + l, 5*l + o = -0*l. What is the tens digit of 2 - 0 - (m - 1)?
4
Let w = -46 - -26. Let j = 17 - w. What is the units digit of j?
7
Suppose 54 = q - 42. Suppose -5*b + 2*y - 121 = -2*y, -4*b = -3*y + q. Let n = 40 + b. What is the tens digit of n?
1
Let k(a) = a**3 - 5*a**2 - 17*a - 13. What is the tens digit of k(8)?
4
Suppose -5*x + 2*m + 32 = 0, 5*x - 16 = -m + 13. Suppose -x*s - 46 - 8 = 0. Let b(g) = -3*g - 22. What is the units digit of b(s)?
5
What is the tens digit of (1638/4)/3*(-20)/(-30)?
9
Let a(y) = -61*y - 784. What is the units digit of a(-34)?
0
Let s be 4/(-10) + (-4)/(-10). Let k be (0 + (-1)/(-2))*s. Suppose k = -7*f + 4*f + 39. What is the tens digit of f?
1
Let m = 32 - 29. Let s = -6 + 10. Suppose -s*a = -4*g - 88, -41 = -3*a - m*g + g. What is the tens digit of a?
1
Suppose -3*s + 4 = -s. Let q(n) = n**s + 7*n**3 - 1 - n + 2*n + 2*n**3. What is the tens digit of q(1)?
1
Let w(u) be the second derivative of -u**3/6 + 2*u**2 - 9*u. Let f be w(4). Suppose f = -0*n + 4*n - 12. What is the units digit of n?
3
Let b = 12 + -9. Suppose -b*y - 2*j + 4*j = -594, -3*j = -4*y + 793. What is the tens digit of y?
9
Let w(i) = i**3 + 6*i**2 - 8*i - 15. Suppose -a + 9 = 2*a. Let f(d) = d - 9. Let t be f(a). What is the tens digit of w(t)?
3
Let q(y) = y**3 + 4*y**2 + y + 4. Let t(c) = 3*c**3 + 11*c**2 + 3*c + 13. Let v(z) = 7*q(z) - 2*t(z). What is the tens digit of v(-5)?
2
Let q(f) = f**2 + f - 4. Let z be q(2). Suppose 0 = -2*l + z*w - 3*w + 88, 4*l = -5*w + 164. What is the units digit of l?
6
Suppose 1 - 13 = -2*j - y, 4*j - 4*y = 36. What is the units digit of (-1)/(-2)*j/(35/10)?
1
Suppose 972 + 15876 = 26*i. What is the units digit of i?
8
Let a(p) = -p**3 - p**2 - 2. Let f be a(-2). Let u(w) = 3*w - 5*w + w**f + w + 2. What is the tens digit of u(4)?
1
Let l = 76 - 29. What is the tens digit of l - (-15 + 3)/4?
5
Suppose 16*a - 70788 = -35*a. What is the thousands digit of a?
1
Suppose -2*u = -3*d + 6269, -2 = 17*u - 15*u. What is the tens digit of d?
8
Let q be 47/5 - (-16)/(-40). Suppose 0 = 4*c - q - 7. Suppose -4*b + 60 = 2*m, -c*m + b = -m - 104. What is the units digit of m?
4
What is the units digit of 165/45 + 2/(-3) + 1935?
8
Let h = -506 - -811. What is the units digit of h?
5
Suppose g + 2 = 0, -44*u + 41*u + 4771 = g. What is the thousands digit of u?
1
What is the hundreds digit of (-5)/((-35)/(-1386))*27/(-6)?
8
Suppose 9*g + 7 = -2. What is the units digit of -4*(-1 + g/4)?
5
Let q be (-40)/(-5) - 3/(-3). Suppose -1 = -5*p + q. Suppose -60 = p*s - 6*s. What is the units digit of s?
5
Suppose -2*f - 5*l - 12 = -5*f, -f - 2*l = -4. Suppose -r = f*z - 8 - 121, z = -r + 30. Suppose 0 = 11*q - 8*q - z. What is the tens digit of q?
1
Let x be ((-4)/(-3 + 0 - -4))/(-2). What is the tens digit of x*2/(-12)*-186?
6
Suppose 1 + 13 = 2*j. Suppose j*h = 2*h - 80. Let k = 20 + h. What is the units digit of k?
4
Suppose 0 = 1541*c - 1548*c + 9093. What is the thousands digit of c?
1
Let o = 91 + 84. Suppose -w = -6*w + o. What is the units digit of w?
5
What is the hundreds digit of 14190/35 + (-6)/14?
4
Let c(u) = u**3 + 9*u**2 - 5*u + 12. Let k be c(-9). Suppose -6*p = -87 - k. What is the units digit of p?
4
Let b be (-63)/18*(-8)/14. Suppose -g + 6 = b*x - 1, -33 = -3*g - 3*x. What is the units digit of g?
5
Let a = -331 - -336. What is the units digit of a?
5
Let m(s) = 3*s**2 - s - 2. Let r be m(-1). Suppose -r*g = -7*g. Suppose g = -w + 21 + 33. What is the tens digit of w?
5
Suppose -3*w + 7*x = 8*x - 1358, 3*w + 5*x = 1378. What is the units digit of w?
1
Suppose 0 = 3*j + f + f + 312, -4*f + 520 = -5*j. Let u = j + 176. What is the units digit of u?
2
What is the units digit of ((-6)/(-8))/(3/192)?
8
Let f be 1*0*(2 + -1). Let j(i) = -i + 2. Let c be j(f). What is the tens digit of (-4)/c*62/(-4)?
3
Suppose -s = -2*u + 515, -5*u + 8*u + s = 765. What is the hundreds digit of u?
2
Suppose 3*j - 132 = -0*j. Let u = j - 24. Suppose -2*t - 2*s = -86 - u, 182 = 4*t - 2*s. What is the units digit of t?
8
Suppose 0*j - 185 = -j. Suppose -2*i = -11 - j. What is the tens digit of i?
9
Suppose 6*f = 4*f + 2. Let m be (-9 - -10)/(f/49). Suppose 4*y - s = m, s = 2 - 3. What is the units digit of y?
2
Suppose -3*d - 3*z - 57 = 0, -z - 38 = 2*d + 3*z. Let y(i) = i**2 + 19*i + 22. What is the tens digit of y(d)?
2
Let y(c) be the third derivative of -c**6/120 - c**5/60 - c**4/24 + 53*c**3/6 - 3*c**2 + 69. Suppose 0 = 2*a - 0*a. What is the units digit of y(a)?
3
Suppose -2*r + 3*g + 584 = 3*r, 0 = r - 3*g - 124. Let c be 2/10 - (-68)/10. Suppose -2*q + c*q = r. What is the tens digit of q?
2
What is the hundreds digit of (-1)/(11/(-35156)) + 0?
1
Let d be 12/78 + (-496)/13. Let y = -32 - d. Suppose -y*t - 5 = -t, -4*j + 264 = 4*t. What is the tens digit of j?
6
Let m be (-76)/5 - ((-4)/20)/1. Let z = 125 + m. What is the tens digit of z?
1
Let g(q) = -18*q - 19. Let d be g(-10). Let y be d/21 - 2/3. Suppose 4*i + 129 = y*i. What is the units digit of i?
3
Suppose 5*h - 5*p - 75 = 0, 2*p - 18 = -2*h + p. Suppose -9*u - 144 = -h*u. What is the units digit of u?
2
Let n be ((-9)/(-4))/(36/96). Suppose -w = w - n. Suppose -15 = -3*f + 5*y, -4*f - 2*y + 20 = w*y. What is the units digit of f?
5
Suppose 0 = 3*b - 7 - 20. Let s = b + 48. Let j = s - 26. What is the tens digit of j?
3
Suppose -69 + 18 = -3*u. Let g = u + 9. Let y = g + -4. What is the tens digit of y?
2
Let m be (2/2)/((-2)/82). Let z = 146 - 162. Let f = z - m. What is the units digit of f?
5
What is the hundreds digit of ((-25)/(-2))/(6/228)?
4
Suppose -55*b = -57*b + 2*u + 9276, -b + 3*u + 4642 = 0. What is the hundreds digit of b?
6
What is the tens digit of (127 - (19 - 10))*4?
7
Let l(h) = 13*h - 14. Let x be l(13). Suppose -3*b + 3*d + 47 = -5*b, 5*b + x = 5*d. What is the units digit of b/(-5)*45/18?
4
Let b = 11 - 20. Let k be ((-38)/4)/(b/54). What is the units digit of (-2)/4 + k/6?
9
Suppose 3*m = -0*m - 4*x + 450, -131 = -m + 5*x. What is the tens digit of m?
4
Suppose 2*c - 5*y - 268 = -y, 0 = c - 5*y - 140. Suppose 2*a - 7*a + c = 0. What is the tens digit of a?
2
Suppose 0 = 4*n - h - 11327, 3*h + 7267 - 1606 = 2*n. What is the hundreds digit of n?
8
Let d(w) = -2*w**2 + 9*w - 3. Let f(l) = 5*l**2 - 26*l + 9. Let m(y) = -17*d(y) - 6*f(y). What is the units digit of m(4)?
3
Suppose 5*s - 10 = 100. Suppose -38 = -q - 2*k + s, -2*q + 132 = k. What is the tens digit of q?
6
Let w(m) = -13*m**3 - m**2 + 19*m - 4. What is the hundreds digit of w(-4)?
7
Suppose 0 = 2*z - 4*z + 6. Let k be z/(9/15)*3. Suppose 5*r = k - 5. What is the units digit of r?
2
Let k = -509 + 914. What is the tens digit of k?
0
Let c(p) = -p + 64. Suppose 0 = -7*h + h. What is the units digit of c(h)?
4
Let z = 93 + -66. Let n = 37 - z. What is the units digit of n?
0
What is the thousands digit of 8/(-